 a(j) = -j**3 + 2*j**2 - 3*j**2 - 4*j + j**3 + j**3. Let h = 7 - 4. List the prime factors of a(h).
2, 3
Suppose -q - 5*q = -984. List the prime factors of q.
2, 41
Let b(w) be the first derivative of w**4/4 - 4*w**3/3 + 3*w**2/2 - 2*w - 3. List the prime factors of b(4).
2, 5
Suppose 65 - 425 = -3*c. What are the prime factors of c?
2, 3, 5
Let z(x) = x**3 - 3*x**2 + x + 4. Let i be z(3). Let u = -13 - -8. Let o = i - u. What are the prime factors of o?
2, 3
Let p = 395 + -272. What are the prime factors of p?
3, 41
Suppose -3*r - 2*a = -8, -2*a - 3 - 3 = -4*r. Suppose f - w = 22, r*w = f - 35 + 13. What are the prime factors of f?
2, 11
Let y be (-1)/((3*-1)/12). Suppose 0 = -y*k - 8 - 12. Let c = -2 - k. What are the prime factors of c?
3
Suppose 0 = b + 3 + 1. Let c = 8 + b. What are the prime factors of 214/14 - c/14?
3, 5
Let q(a) = -a + 27. List the prime factors of q(-5).
2
Let y(a) be the first derivative of 2*a**2 - 3*a + 29. Suppose -2 = -2*u + 2. What are the prime factors of y(u)?
5
Let j(o) = -o**3 + 6*o**2 + 8*o - 3. Let h be j(7). Suppose 2*v + 3*k = 7*k + h, 5*v - 4*k = 22. What are the prime factors of v?
2, 3
Suppose -9*n = -20*n + 2354. List the prime factors of n.
2, 107
Let b = 0 - 1. List the prime factors of (18/b)/((-15)/10).
2, 3
Suppose 3*v - 24 = -3*t, -5*v = -2*v + 2*t - 21. Suppose -5*m + 69 = 4*w, v*w = 2*m + 2*m - 47. Let k = m + -3. List the prime factors of k.
2, 5
Let i = 9 + 3. Suppose -i = 3*m + m. What are the prime factors of (4 + m)/((-1)/(-8))?
2
Suppose 0 = 4*s - 32 - 16. Suppose -10 = -s*a + 7*a. What are the prime factors of a?
2
Suppose 4*m - 4*y - 104 = 0, -41 - 117 = -5*m - 2*y. What are the prime factors of m?
2, 3, 5
Suppose 0 = 3*v - 12. Suppose v*q - 4 = -3*o + 7*o, -4*q + 22 = 2*o. Suppose -q*k = 2*a - 46, -3*k + 4*a + 54 - 14 = 0. What are the prime factors of k?
2, 3
Let q be 32/1 + -6 + 4. Suppose 5*f + 24 = -3*d, -q = -5*d - 2*f - 89. What are the prime factors of 3*d*3/(-9)?
13
Suppose 3*b + 2*x = 14, 3*b + 1 = 5*x - 13. Let q = b - -32. List the prime factors of q.
2, 17
List the prime factors of 3/((-3)/(-55)) - -1.
2, 7
Let h(c) = c + 10*c**2 + 2*c - 4*c. Let f be h(-1). Let r = f + -3. List the prime factors of r.
2
Let h(n) = -13*n**3 + 24*n**2 + 49*n - 12. Let x(u) = -3*u**3 + 6*u**2 + 12*u - 3. Let d(m) = -2*h(m) + 9*x(m). List the prime factors of d(7).
2, 3
Let g(c) = -c**2 - 10*c - 9. Let a be g(-7). Suppose -3*w + 48 = -a. What are the prime factors of w?
2, 5
Let i(f) = -2*f + f - 6*f - 8 + 3*f. Let a be i(-8). Let t = a + -13. What are the prime factors of t?
11
Suppose 3*w = 3*p + 21, -4*p - 13 + 3 = 2*w. What are the prime factors of w?
3
Suppose -b + 4*i = -3*b + 12, 5*i = -b + 6. Let k(h) = h - 2. Let f be k(b). Suppose 0 = w - f - 2. What are the prime factors of w?
2, 3
Let v = 3 + -3. Suppose v*m - 20 = -2*m. Suppose 3*z - g = z + 18, 5*g = -m. What are the prime factors of z?
2
Suppose -5 = 5*m + 5*u, -m = -2*u - 5 + 3. Let l(j) = 9 - 4*j**2 + m*j**2 + 5*j**2. List the prime factors of l(0).
3
Let m(x) = -x**2 + x + 3. Let i be m(0). Let s(t) = -2. Let j(d) = -d - 3. Let h(f) = -4*j(f) + 6*s(f). List the prime factors of h(i).
2, 3
Let o(t) = 2*t**2 - 5*t - 16. List the prime factors of o(6).
2, 13
Suppose -133 = -5*f + 222. List the prime factors of f.
71
Suppose -2*c - 106 = -3*c. List the prime factors of c.
2, 53
Suppose o = -2*x + 2, 2*x - 2 = -5*o - 16. Let q be 22/x - (-4)/6. Suppose -s = -3*a + 9, q*a - 4*a = -s + 19. What are the prime factors of s?
3
Suppose 8*g - 6*g = 0. Suppose 3*n + g - 15 = 0. Suppose 0 = n*z + 2*k - 91, -3*k = -z + 6*z - 94. What are the prime factors of z?
17
Let r be (-4)/((-12)/(-27)) - 1. Let j = r + 19. List the prime factors of -2 + 1 + j + 1.
3
Let u(m) = 5*m - 1. Let w be u(-2). Let x = -7 - w. What are the prime factors of x?
2
Let c(l) = -l**3 - 10*l**2 + 7*l - 11. What are the prime factors of c(-11)?
3, 11
Let w be -1 + 21 + (-1 - 1). Let b be (8/(-6))/((-6)/w). Suppose -11 = -2*a - 3*f + 6, b*a = 3*f + 43. List the prime factors of a.
2, 5
Let k(b) = b - 5. List the prime factors of k(10).
5
Suppose -10 = -5*q, -5*q + 19 = -0*t + 3*t. Suppose -2*j = -t - 1. Suppose j*h + h = 48. What are the prime factors of h?
2
Let y be 8*((-1)/2)/(-1). Suppose -1 = y*n - 21. Suppose -1 = -p + n. What are the prime factors of p?
2, 3
Let z be (3 + 15/(-2))*2. Let y = 14 + z. Suppose 5*v + 26 = 2*w + 84, y*w = -20. What are the prime factors of v?
2, 5
Suppose -2*n + 2*d + 6 = -n, -5*n = -2*d - 54. Let s be (15/(-9))/(1/n). Let x = s - -32. List the prime factors of x.
2, 3
Suppose -f + 3*f - 74 = 0. What are the prime factors of f?
37
Let f = 12 - -19. Let g = f - 16. List the prime factors of g.
3, 5
Let q(m) = 4*m**2 - 18*m + 2. What are the prime factors of q(5)?
2, 3
Let a be 4/(-2) - 1 - 292. List the prime factors of 2/9 - a/9.
3, 11
Let x be (-3)/((-6)/(-8)) - -2. List the prime factors of x/(-10) - (-297)/15.
2, 5
Let t(j) = j**3 - 6*j**2 + 7*j - 1. Let i(g) = -g**2 + g. Let k(u) = -6*i(u) + t(u). Let o be k(1). Let m = 3 - o. What are the prime factors of m?
2
Let t = 10 - 7. Suppose 0 = -3*n + t*u + 66, -5*u + 2*u + 67 = 4*n. List the prime factors of n.
19
Let j(t) = 8*t - 24. What are the prime factors of j(8)?
2, 5
Suppose 0 = -12*t + 9*t + 525. What are the prime factors of t?
5, 7
Let c(j) be the second derivative of j**4/12 - j**3/2 - 7*j**2/2 - 7*j. Suppose 3*o = 25 - 10. What are the prime factors of c(o)?
3
Let q(a) = a**2 - 2. Let y = -2 - 0. Let o be q(y). Suppose 0 = -3*u + 9, o*u - 29 = -4*m - 7. What are the prime factors of m?
2
Suppose 4*k - 156 = k. Suppose 0 = -5*q - s + 94, -4*q + k = -2*s - 3*s. List the prime factors of q.
2, 3
Let c(j) = 5*j**2 + 3*j + 4. What are the prime factors of c(-3)?
2, 5
Suppose 160 = -3*l + 577. What are the prime factors of l?
139
Suppose -3*a = 3*l - 771, 3*a = -0*a - 2*l + 773. What are the prime factors of a?
7, 37
Let u(d) = -d**3 + 3*d**2 + d - 1. Let f be u(-2). Suppose 4 = -l + 2*l, -3*o = 2*l - f. What are the prime factors of o?
3
Suppose 5*c - 2*u - 158 = -5*u, 0 = -2*c + 2*u + 60. List the prime factors of c.
31
Suppose 5*k = -s + 333, -2*k + s = -32 - 104. What are the prime factors of k?
67
Let b(p) = -6*p**3 + 2*p**2 + p. Let q(d) = -d - 8. Let x be q(-7). Let t be ((-2 - -4) + -1)/x. List the prime factors of b(t).
7
Let i(u) = -21*u. What are the prime factors of i(-3)?
3, 7
Let x = 10 + -16. List the prime factors of (-186)/4*x/9.
31
Let j be (-73)/(-3) + (-2)/6. Suppose 5*m + j = m. List the prime factors of (m/(-10))/(2/10).
3
Let d(y) = y**2 - 3*y + 2. Let k be d(2). Let j = k - -2. List the prime factors of j.
2
Let x(j) be the first derivative of 5*j**2 - 2*j - 2. List the prime factors of x(2).
2, 3
Let t(r) be the first derivative of -r**3/3 + 11*r**2/2 - 9*r - 4. What are the prime factors of t(6)?
3, 7
Suppose 6*q + q - 21 = 0. List the prime factors of q.
3
Let l = 25 - 25. Suppose 8*m - 4*m - 132 = l. What are the prime factors of m?
3, 11
Let h = -118 - -196. What are the prime factors of h?
2, 3, 13
Suppose -2*k + 53 = -43. Let o be 2/(((-6)/9)/(-1)). Suppose n - k = -3*l, -o*l + 42 = 3*n - 12. List the prime factors of l.
3, 5
List the prime factors of ((-495)/(-25))/((-2)/(-10)).
3, 11
Suppose -1160 = -5*p - 5*p. List the prime factors of p.
2, 29
Suppose -3*d + 1 = 19. What are the prime factors of ((-4)/d)/(6/378)?
2, 3, 7
Suppose 0 = 4*l, -l + 66 - 4 = 2*c. What are the prime factors of c?
31
Let u be -1 + 25 + -2*1. Suppose 0*f + 24 = 2*f + 4*a, u = 4*f - 5*a. Suppose 0 = 2*w + f, -3*s + 17 + 7 = -3*w. What are the prime factors of s?
2
Let v(p) = -23*p - 5. List the prime factors of v(-3).
2
What are the prime factors of (-4)/(-14) + (-1914)/42*-3?
137
Let x(y) = y + 3 + 3 - 1 - 4. Suppose 0 = -3*l + 15 + 3. List the prime factors of x(l).
7
Let x be -7 + (2 - (3 - 1)). Let h(y) be the first derivative of -3*y**2/2 - 10*y - 2. List the prime factors of h(x).
11
Suppose 2*o - 34 = -4*b, -21 = -2*b - 5*o + 8. What are the prime factors of b?
7
Let j(k) = k**3 - 9*k**2 + 11*k - 12. What are the prime factors of j(8)?
2, 3
Let k(n) = n**2 - 3*n - 2. Let i be k(6). Suppose s = -s + i. List the prime factors of s.
2
Let b = -20 - -28. Suppose